 of r?
8
Let q = -272 - -541. What is the units digit of q?
9
Let x = 110 - 106. Suppose 4*b = -5*t + 430, -3*b - 55 - 258 = -x*t. What is the tens digit of t?
8
Let j(f) = 3*f**2 + f. Let u be j(1). Suppose -4*q = -4*c - 4, 17 = 5*c + u*q - 14. Suppose -3*n - 3*t = -186, 4*t + c = 5*t. What is the tens digit of n?
5
Let m = 28 + -24. Suppose -3*x - 2*s + 48 = -0*x, -53 = -m*x + s. What is the tens digit of (-4)/x - 704/(-14)?
5
Suppose t = -3*a + 370, t + 3*a = 2*t - 358. Suppose 0 = 5*v - j - t, 4*v = -4*j - j + 297. What is the tens digit of v?
7
Let f(j) = 29*j**2 + 14*j - 5. What is the tens digit of f(-5)?
5
What is the units digit of -5*(10638/45)/(-3)?
4
Let g = 0 + 16. What is the tens digit of (200/g)/((-1)/(-6))?
7
Suppose -q - 5*k + 48 = 0, -193 = -3*q + 2*k - 15. Let o = -13 + q. What is the units digit of o?
5
Let g(a) = -a**3 + a**2 - 2*a + 2. Let h be g(1). Let o(s) = -s**2 + 46. What is the tens digit of o(h)?
4
Suppose 5*h = 59 + 166. Suppose 0 = 5*d - 5*r - 75, 3*d - h = 4*r + r. What is the tens digit of d?
1
Let b(d) = 4 + 3*d + 3*d - 7*d. Let a be b(4). Suppose 0 = -4*k + 2*i + 100, 6*k - k - 4*i - 125 = a. What is the units digit of k?
5
What is the thousands digit of (53568/720)/(4/110)?
2
Let d(v) = 20*v**2 + v**3 + 2 + 1 - 2 - 6*v**2. Let p = -2 + -12. What is the units digit of d(p)?
1
Suppose -7*h - 5 = 212. Let q = 74 + h. What is the tens digit of q?
4
Let l be 1*-3 + 2 + -13. Suppose -15 = 5*a, -4*g - 4*a + 6 = -10. Let b = g - l. What is the tens digit of b?
2
Let j(c) = c**3 - 6*c**2 + 3*c - 15. Let q be j(6). Suppose l = -w + q*l + 1, 0 = -5*w + 4*l + 23. Suppose 3*f - w*f + 80 = 0. What is the tens digit of f?
2
Let u be ((-45)/12)/((-3)/20). Let i = -42 + u. Let o = i - -41. What is the units digit of o?
4
Let j be ((-6)/(-4))/(3/4). Suppose -a + j*a = -3*o + 80, -a = 2*o - 52. What is the units digit of o?
8
Let f = -5 + -14. Let u(g) = g**3 + 21*g**2 + 26*g + 39. What is the hundreds digit of u(f)?
2
Let o = -187 - -311. Let s = -84 + o. What is the tens digit of s?
4
What is the units digit of (6/(-9))/((-34)/24939)?
9
Suppose -r - 88 - 44 = -3*v, 220 = 5*v + 4*r. Let w be 25/2*2 + 1. Let q = v - w. What is the tens digit of q?
1
Suppose -o + 3*z + 33 = -z, z - 18 = -o. Let q = o + -15. Suppose f - 18 = q. What is the tens digit of f?
2
Let y(x) be the first derivative of -4*x**2 + 4*x**2 + x - x**2 + 4*x - 5. What is the units digit of y(-8)?
1
Let m(a) = -133*a - 1. Let l be m(1). Let t = -71 - l. What is the units digit of t?
3
Suppose -66*l + 89115 = 4437. What is the units digit of l?
3
Suppose -2*w - 45 = 3*w. Let h(a) = -a**3 - 10*a**2 - 9*a + 6. Let g be h(w). What is the units digit of (3 - (-45)/g)*2?
1
Let f(w) = w**2 + 4*w. Let y be f(6). Let q = 88 - y. What is the tens digit of q?
2
Suppose 32*h + 5390 - 135150 = 0. What is the hundreds digit of h?
0
Suppose -4*g - 8 = -4*z, -3*g + 6 = 4*z - 16. Suppose g*v = 10 - 2. Suppose 2*t + 24 = v*w + 72, 5*w + 27 = t. What is the tens digit of t?
2
Let f = -6 - -7. Let q be -4*((-1)/1)/f. Suppose 0 = 9*n - q*n - 30. What is the units digit of n?
6
Suppose 27*y - 25*y = 2*q + 264, 0 = -3*y + 5*q + 406. What is the units digit of y?
7
Suppose 19 - 99 = 10*x. What is the units digit of 8 - ((-27)/18)/(6/x)?
6
What is the hundreds digit of (-4)/(-50) - (-13873)/25?
5
Let r(f) = -131*f + 105. What is the tens digit of r(-9)?
8
Let a = 2388 + -1469. What is the hundreds digit of a?
9
Let k(r) = -r**3 - 6*r**2 + 5. Let o be k(-6). Let s(b) = -2*b**3 - 2 + o*b**2 + b**3 - 2*b - b + 2*b. What is the units digit of s(3)?
3
Let y(x) = -x**3 + 6*x**2 + 17*x - 6. Let j be y(8). Suppose -j*a + 20 = 2*a. What is the units digit of a?
5
Let k(m) be the first derivative of 3*m**2/2 + 18*m + 4. Let r be k(-6). Suppose 5*p + 70 = 3*l, -4*l + r*l + 76 = 2*p. What is the units digit of l?
0
Let i = 39 - 62. Let a(g) = g + 50. What is the units digit of a(i)?
7
Suppose 2*r + 4 = -s, 5*s + 0*r = -2*r - 4. Suppose 332 = 2*z + 3*p, s = -z + 4*z - 4*p - 498. What is the hundreds digit of z?
1
Let g(u) = u**3 - 3*u**2 - 69*u + 3. What is the tens digit of g(12)?
7
Suppose 4*c + 50 = 262. Let a be 15/(-13) + (-26)/(-169) + -33. Let t = a + c. What is the tens digit of t?
1
Let a be 3 - -152 - (0 - -4). Let l = 219 - a. What is the units digit of l?
8
Suppose -x = -2*v - 2*x + 156, -2*v = -x - 156. What is the units digit of v?
8
Suppose -3*j = -0*j + 4*f - 190, -j + 59 = -3*f. Suppose 366 = 65*o - j*o. What is the tens digit of o?
2
Let p = 37 + -40. Let r(l) = -l**3 + 6*l + 6. What is the units digit of r(p)?
5
Let o(t) be the third derivative of t**5/30 + t**4/4 + t**3/6 - 9*t**2. Let q be o(3). Suppose 0 = -3*i + 157 - q. What is the units digit of i?
0
Let s(o) be the second derivative of 2*o**3/3 + 4*o**2 + 2*o. Suppose 0 = -14*z + 55 + 15. What is the units digit of s(z)?
8
Suppose -11*j = 4*c - 8*j - 297, -5*j + 53 = c. Suppose -4*w - 7 - 9 = 0, -5*z + 4*w = -31. Suppose -5*a + c = -z*a. What is the tens digit of a?
3
Let p = 0 - -1821. What is the thousands digit of p?
1
Let b = -252 + 440. What is the tens digit of b?
8
What is the units digit of -14*1/4*-74?
9
Let r = -4073 - -7583. What is the hundreds digit of r?
5
Let m(h) = h**2 + h + 1. Let l be m(-1). Let c(v) = 157*v**2 - 2*v + 1. What is the units digit of c(l)?
6
Let g(d) = -d**3 + 10*d**2 + 9*d + 16. Let y be g(11). Let l(p) = p + 12. Let j be l(y). Suppose 3*o - 6 = j. What is the units digit of o?
4
Let j(u) = 7*u**2 - 5 + u**3 - 4*u + 2*u + u. Let a be j(-7). What is the tens digit of (-12 - -5)*a*-2?
2
Suppose -52*x + 1338 = -46*x. What is the units digit of x?
3
Let t be -5 + 5944/(-22) - (-4)/22. Let r = -157 - t. What is the hundreds digit of r?
1
Suppose 3*w - 1071 = -3*m, 0*m - 2*m = 5*w - 699. What is the hundreds digit of m?
3
Let b = 410 + -136. What is the tens digit of b?
7
Let d(j) = 20 + 21 - 4*j + 0*j. What is the units digit of d(-13)?
3
Suppose 0 = 5*d - 2*n - 1323 - 107, 0 = d - 5*n - 286. Suppose -2*v = -d + 30. What is the tens digit of v?
2
Let b = -47 - -67. What is the units digit of (-4)/b + 42/10?
4
Suppose -8*s + 1030 = -3*s - 2*p, -5*s = p - 1045. What is the hundreds digit of s?
2
Let g(p) = -4*p**3 + 11*p**2 - 7*p + 25. Let z(m) = -3*m**3 + 11*m**2 - 8*m + 24. Let t(v) = -2*g(v) + 3*z(v). What is the units digit of t(9)?
4
Let q be (-914)/(-10) - 10/25. Suppose -5*w = -5*m - 185, -3*w + q = 4*m - 41. Suppose 0 = -5*t - 3*d - 2*d + w, -2*t - 4 = -3*d. What is the units digit of t?
4
Suppose -5*s = 4*n + 21, -4*n = -3*s + 5*s + 18. Suppose 204*d = 206*d + 8. What is the tens digit of d - -2*(28 + n)?
4
Suppose 0*g = -5*g - 3*t + 202, 2*g - 92 = -4*t. Let a = g - 23. Suppose -a = -4*c + 77. What is the tens digit of c?
2
Suppose 0 = -2*z - 0*z - 4, 0 = -m + z + 4. Let a(q) = -q**3 - 7*q - 5*q**2 + 3*q**2 - 5*q**m + 7 + 0*q**2. What is the units digit of a(-6)?
3
What is the thousands digit of (-5307)/(-61)*86/3?
2
Let q(n) = 2*n**2 + n + 7. Let m be (4/(-6))/((-12)/90). What is the tens digit of q(m)?
6
Suppose -2*u - 5 = 3*c, 4*c + 54 = 4*u + 14. Suppose 0 = 3*a + 5*h - 13, 2*h + 0*h - 47 = -u*a. What is the tens digit of a?
1
Let j = 10 + -7. Suppose j*u - 1 = 29. What is the tens digit of u?
1
Suppose 0*d = -d - 5*g + 7, 0 = -3*d - 4*g + 43. Suppose -d*h + 14*h + 282 = 0. What is the tens digit of h?
9
What is the tens digit of (-10392)/(-9) - (-12)/(-18)?
5
Let f be (-176)/(-40) - (-4)/(-10). Suppose -5*z + 6 + f = 0. Let q = 22 + z. What is the tens digit of q?
2
Let n(i) = 47*i - 172. What is the hundreds digit of n(11)?
3
Let z = -6 + 7. What is the tens digit of 2040/18 + (-8)/6 + z?
1
Let q be 3 + -3 + -3 - -9. Suppose -2*n = n - q. Suppose -n = -k + 16. What is the tens digit of k?
1
Let a(j) = j**3 - 8*j**2 - 10*j + 18. Let v be a(9). Suppose 2*g + 2*f + 7 = -g, 1 = -g - 2*f. What is the units digit of g/v - (-152)/6?
5
Let z(s) = -23*s + 3. Suppose 0 = -4*h + 16 - 20. Let y be z(h). Let w = 46 - y. What is the tens digit of w?
2
Suppose -2*y - 966 = -2*t - 6*y, y = -2*t + 966. What is the tens digit of t?
8
Suppose -2*o + 3*o = 2. Suppose -4*a = -4*j, 4*a + o*j = -0*a + 12. Suppose -a*c + 2*g = 4*g - 26, -43 = -3*c - 4*g. What is the units digit of c?
9
Let v be (